 millions digit of 8488265?
8
What is the millions digit of 5877141?
5
What is the ten thousands digit of 948522?
4
What is the tens digit of 363081?
8
What is the hundred thousands digit of 117853?
1
What is the hundred thousands digit of 3092732?
0
What is the hundreds digit of 816003?
0
What is the hundred thousands digit of 846546?
8
What is the tens digit of 11898364?
6
What is the millions digit of 2146799?
2
What is the units digit of 1187828?
8
What is the units digit of 8551?
1
What is the hundreds digit of 5377147?
1
What is the tens digit of 8325563?
6
What is the ten thousands digit of 6869030?
6
What is the hundred thousands digit of 2551219?
5
What is the ten thousands digit of 3211347?
1
What is the hundreds digit of 6260703?
7
What is the thousands digit of 14161996?
1
What is the ten thousands digit of 14659681?
5
What is the tens digit of 4004735?
3
What is the millions digit of 1724438?
1
What is the ten thousands digit of 1540341?
4
What is the units digit of 2454948?
8
What is the ten thousands digit of 3218683?
1
What is the hundred thousands digit of 9120029?
1
What is the units digit of 5629132?
2
What is the tens digit of 629?
2
What is the hundred thousands digit of 402332?
4
What is the units digit of 324149?
9
What is the tens digit of 1603008?
0
What is the hundreds digit of 221752?
7
What is the ten thousands digit of 98248?
9
What is the units digit of 1125419?
9
What is the hundred thousands digit of 238596?
2
What is the ten thousands digit of 6395891?
9
What is the ten thousands digit of 2746527?
4
What is the units digit of 1522789?
9
What is the units digit of 275599?
9
What is the hundreds digit of 3750555?
5
What is the thousands digit of 813576?
3
What is the hundreds digit of 621260?
2
What is the thousands digit of 242907?
2
What is the ten thousands digit of 704294?
0
What is the hundreds digit of 5256561?
5
What is the hundreds digit of 5485545?
5
What is the hundred thousands digit of 6924067?
9
What is the units digit of 725092?
2
What is the hundred thousands digit of 126391?
1
What is the units digit of 59137?
7
What is the tens digit of 219882?
8
What is the hundred thousands digit of 21484557?
4
What is the units digit of 549545?
5
What is the tens digit of 1137332?
3
What is the units digit of 12250812?
2
What is the tens digit of 4464995?
9
What is the millions digit of 3943769?
3
What is the ten thousands digit of 494818?
9
What is the thousands digit of 26512214?
2
What is the hundreds digit of 461020?
0
What is the hundreds digit of 3229?
2
What is the ten thousands digit of 272076?
7
What is the ten thousands digit of 38080458?
8
What is the hundred thousands digit of 1247034?
2
What is the units digit of 15769760?
0
What is the tens digit of 465578?
7
What is the ten millions digit of 12600499?
1
What is the tens digit of 33127?
2
What is the hundred thousands digit of 9503255?
5
What is the tens digit of 5283731?
3
What is the units digit of 1424671?
1
What is the tens digit of 5943425?
2
What is the ten thousands digit of 648088?
4
What is the hundreds digit of 21400854?
8
What is the hundred thousands digit of 1164616?
1
What is the millions digit of 9770350?
9
What is the ten thousands digit of 199981?
9
What is the thousands digit of 3045509?
5
What is the hundred thousands digit of 125002?
1
What is the tens digit of 1696896?
9
What is the units digit of 1181019?
9
What is the millions digit of 27628095?
7
What is the hundred thousands digit of 5063714?
0
What is the units digit of 3777462?
2
What is the hundreds digit of 12911478?
4
What is the millions digit of 4931723?
4
What is the units digit of 318347?
7
What is the hundreds digit of 2421844?
8
What is the tens digit of 884210?
1
What is the hundred thousands digit of 409318?
4
What is the thousands digit of 8910226?
0
What is the hundred thousands digit of 628334?
6
What is the units digit of 734084?
4
What is the tens digit of 16603879?
7
What is the hundred thousands digit of 785270?
7
What is the thousands digit of 1916911?
6
What is the ten thousands digit of 40446?
4
What is the tens digit of 108852?
5
What is the hundred thousands digit of 735867?
7
What is the units digit of 1308386?
6
What is the tens digit of 824097?
9
What is the ten thousands digit of 105127?
0
What is the units digit of 10510225?
5
What is the hundred thousands digit of 7396463?
3
What is the units digit of 473772?
2
What is the hundred thousands digit of 342176?
3
What is the units digit of 162473?
3
What is the thousands digit of 38149?
8
What is the hundred thousands digit of 919092?
9
What is the hundred thousands digit of 864448?
8
What is the thousands digit of 36883?
6
What is the units digit of 414105?
5
What is the hundreds digit of 4315781?
7
What is the hundred thousands digit of 222955?
2
What is the thousands digit of 18605?
8
What is the hundred thousands digit of 857377?
8
What is the hundreds digit of 2774635?
6
What is the units digit of 310794?
4
What is the millions digit of 8208571?
8
What is the units digit of 18014?
4
What is the millions digit of 3539548?
3
What is the hundred thousands digit of 494660?
4
What is the units digit of 1121752?
2
What is the units digit of 1165139?
9
What is the ten thousands digit of 340816?
4
What is the millions digit of 2539876?
2
What is the hundreds digit of 1808073?
0
What is the hundreds digit of 3357115?
1
What is the ten thousands digit of 170679?
7
What is the hundred thousands digit of 3865941?
8
What is the millions digit of 8184465?
8
What is the hundreds digit of 1759615?
6
What is the hundred thousands digit of 29752761?
7
What is the ten thousands digit of 16115504?
1
What is the thousands digit of 730336?
0
What is the hundreds digit of 511039?
0
What is the ten thousands digit of 2749097?
4
What is the units digit of 6083835?
5
What is the hundred thousands digit of 3142670?
1
What is the ten thousands digit of 158156?
5
What is the tens digit of 1926560?
6
What is the thousands digit of 1300865?
0
What is the units digit of 151838?
8
What is the millions digit of 2230630?
2
What is the hundreds digit of 954589?
5
What is the units digit of 1886979?
9
What is the ten thousands digit of 235180?
3
What is the ten thousands digit of 6745194?
4
What is the hundred thousands digit of 839299?
8
What is the units digit of 320627?
7
What is the thousands digit of 7982826?
2
What is the millions digit of 1376776?
1
What is the thousands digit of 7153688?
3
What is the thousands digit of 277876?
7
What is the tens digit of 240485?
8
What is the units digit of 10054?
4
What is the hundreds digit of 19525871?
8
What is the hundred thousands digit of 1022954?
0
What is the hundreds digit of 134325?
3
What is the units digit of 444473?
3
What is the hundred thousands digit of 2743040?
7
What is the hundred thousands digit of 230969?
2
What is the ten millions digit of 26736312?
2
What is the hundred thousands digit of 306865?
3
What is the tens digit of 67126?
2
What is the units digit of 5141202?
2
What is the thousands digit of 2799175?
9
What is the thousands digit of 2764807?
4
What is the ten thousands digit of 2606778?
0
What is the units digit of 22898251?
1
What is the ten thousands digit of 85791?
8
What is the thousands digit of 1321483?
1
What is the units digit of 373241?
1
What is the hundred thousands digit of 182206?
1
What is the hundreds digit of 218153?
1
What is the ten thousands digit of 24956965?
5
What is the units digit of 4331192?
2
What is the millions digit of 1354019?
1
What is the hundred thousands digit of 216931?
2
What is the millions digit of 17856653?
7
What is the units digit of 9106472?
2
What is the tens digit of 74734?
3
What is the ten thousands digit of 2959859?
5
What is the hundreds digit of 7264963?
9
What is the hundred thousands digit of 111983?
1
What is the thousands digit of 13007688?
7
What is the hundreds digit of 223175?
1
What is the units digit of 2578428?
8
What is the ten thousands digit of 250202?
5
What is the units digit of 1225209?
9
What is the hundreds digit of 190569?
5
What is the units digit of 820733?
3
What is the millions digit of 1451302?
1
What is the thousands digit of 3579026?
9
What is the hundreds digit of 332833?
